?
2, 5171
List the prime factors of 770350.
2, 5, 7, 31, 71
What are the prime factors of 779967?
3, 79, 1097
List the prime factors of 33643812.
2, 3, 2803651
List the prime factors of 52196.
2, 13049
List the prime factors of 948607.
11, 83, 1039
List the prime factors of 1707150.
2, 3, 5, 19, 599
List the prime factors of 227710.
2, 5, 7, 3253
What are the prime factors of 441823?
61, 7243
What are the prime factors of 2772520?
2, 5, 69313
What are the prime factors of 611754?
2, 3, 11, 13, 23, 31
List the prime factors of 24093137.
24093137
What are the prime factors of 32471?
19, 1709
What are the prime factors of 7103?
7103
List the prime factors of 22150582.
2, 277, 39983
What are the prime factors of 12476411?
12476411
List the prime factors of 726008.
2, 151, 601
List the prime factors of 121624.
2, 23, 661
List the prime factors of 31974.
2, 3, 73
List the prime factors of 41722.
2, 23, 907
What are the prime factors of 3449134?
2, 13, 53, 2503
What are the prime factors of 163854?
2, 3, 9103
List the prime factors of 276249.
3, 92083
List the prime factors of 20276.
2, 37, 137
List the prime factors of 4857474.
2, 3, 809579
List the prime factors of 7979629.
7, 467, 2441
List the prime factors of 1615151.
1615151
List the prime factors of 8400530.
2, 5, 840053
What are the prime factors of 7324821?
3, 7, 233, 499
What are the prime factors of 306479?
306479
What are the prime factors of 101181?
3, 29, 1163
What are the prime factors of 8416016?
2, 7, 163, 461
What are the prime factors of 237818?
2, 7, 16987
What are the prime factors of 1127597?
631, 1787
List the prime factors of 10919649.
3, 13, 279991
What are the prime factors of 561655?
5, 112331
List the prime factors of 1942713.
3, 215857
List the prime factors of 152297.
152297
What are the prime factors of 28223776?
2, 7, 163, 773
List the prime factors of 2161874.
2, 11, 13, 7559
List the prime factors of 5821887.
3, 601, 3229
List the prime factors of 408909.
3, 136303
List the prime factors of 2623498.
2, 1311749
What are the prime factors of 26795?
5, 23, 233
List the prime factors of 3662143.
167, 21929
What are the prime factors of 12842462?
2, 6421231
What are the prime factors of 1069678?
2, 534839
What are the prime factors of 586632?
2, 3, 24443
List the prime factors of 225745.
5, 13, 23, 151
What are the prime factors of 3395814?
2, 3, 73, 7753
List the prime factors of 302563.
302563
What are the prime factors of 1667591?
109, 15299
What are the prime factors of 7970113?
41, 349, 557
List the prime factors of 343366.
2, 17, 10099
What are the prime factors of 630806?
2, 11, 53, 541
List the prime factors of 143550.
2, 3, 5, 11, 29
List the prime factors of 98903.
7, 71, 199
List the prime factors of 90396.
2, 3, 31
What are the prime factors of 340036?
2, 85009
What are the prime factors of 33780?
2, 3, 5, 563
List the prime factors of 15934504.
2, 47, 42379
List the prime factors of 61188.
2, 3, 5099
What are the prime factors of 11564468?
2, 67, 43151
List the prime factors of 14013185.
5, 17, 41, 4021
List the prime factors of 327443.
327443
List the prime factors of 8570898.
2, 3, 7, 68023
List the prime factors of 1508879.
1508879
List the prime factors of 145758.
2, 3, 17, 1429
List the prime factors of 17163.
3, 1907
What are the prime factors of 20906?
2, 10453
List the prime factors of 258814.
2, 151, 857
What are the prime factors of 803123?
719, 1117
List the prime factors of 1088287.
43, 25309
What are the prime factors of 22205935?
5, 4441187
What are the prime factors of 1771264?
2, 11, 17, 37
What are the prime factors of 811062?
2, 3, 7, 41, 157
List the prime factors of 14408074.
2, 23, 313219
What are the prime factors of 12568687?
29, 347, 1249
What are the prime factors of 209407?
11, 19037
What are the prime factors of 12913569?
3, 1434841
List the prime factors of 1364394.
2, 3, 227399
What are the prime factors of 11399347?
11399347
List the prime factors of 672418.
2, 17, 19777
What are the prime factors of 325390?
2, 5, 13, 2503
What are the prime factors of 28082646?
2, 3, 19, 101, 271
What are the prime factors of 571185?
3, 5, 4231
What are the prime factors of 18178366?
2, 61, 109, 1367
List the prime factors of 5103499.
31, 193, 853
List the prime factors of 6628281.
3, 11, 353, 569
What are the prime factors of 281587?
193, 1459
List the prime factors of 4661407.
1181, 3947
List the prime factors of 26141914.
2, 1163, 11239
List the prime factors of 5954708.
2, 601, 2477
What are the prime factors of 4660236?
2, 3, 7, 18493
List the prime factors of 6571301.
11, 597391
List the prime factors of 2892582.
2, 3, 7, 11, 2087
List the prime factors of 511706.
2, 13, 19681
What are the prime factors of 431490?
2, 3, 5, 19, 757
List the prime factors of 46839.
3, 13, 1201
What are the prime factors of 47360?
2, 5, 37
List the prime factors of 36894.
2, 3, 11, 13, 43
What are the prime factors of 7109021?
19, 374159
What are the prime factors of 9875590?
2, 5, 987559
What are the prime factors of 1738356?
2, 3, 31, 4673
List the prime factors of 322871.
322871
What are the prime factors of 543827?
543827
List the prime factors of 114464.
2, 7, 73
What are the prime factors of 2370575?
5, 94823
List the prime factors of 3012718.
2, 1506359
List the prime factors of 837163.
79, 10597
What are the prime factors of 891990?
2, 3, 5, 11, 17, 53
List the prime factors of 11945448.
2, 3, 29, 1907
List the prime factors of 616323.
3, 205441
What are the prime factors of 2373299?
43, 97, 569
What are the prime factors of 858922?
2, 29, 59, 251
List the prime factors of 1515811.
11, 41, 3361
What are the prime factors of 1503301?
137, 10973
List the prime factors of 744270.
2, 3, 5, 24809
List the prime factors of 10475010.
2, 3, 5, 7, 13, 1279
List the prime factors of 679208.
2, 59, 1439
What are the prime factors of 365517?
3, 17, 2389
List the prime factors of 163283.
269, 607
What are the prime factors of 5585417?
547, 10211
What are the prime factors of 212018?
2, 227, 467
What are the prime factors of 41009?
23, 1783
What are the prime factors of 218006?
2, 19, 5737
List the prime factors of 15872319.
3, 113, 15607
What are the prime factors of 3082260?
2, 3, 5, 47, 1093
What are the prime factors of 682580?
2, 5, 34129
List the prime factors of 8436957.
3, 2812319
List the prime factors of 10287157.
10287157
List the prime factors of 614411.
7, 12539
List the prime factors of 2312685.
3, 5, 37, 463
What are the prime factors of 251811?
3, 7, 571
What are the prime factors of 712652?
2, 19, 9377
List the prime factors of 703620.
2, 3, 5, 1303
What are the prime factors of 793331?
7, 11, 10303
What are the prime factors of 2481354?
2, 3, 17, 53
What are the prime factors of 1120563?
3, 19, 6553
What are the prime factors of 249047?
37, 53, 127
What are the prime factors of 749117?
101, 7417
What are the prime factors of 2176412?
2, 7, 19, 4091
What are the prime factors of 640101?
3, 7, 11, 17, 163
List the prime factors of 4797131.
107, 419
List the prime factors of 11170451.
457, 24443
What are the prime factors of 3054835?
5, 7, 87281
List the prime factors of 1836026.
2, 53, 17321
List the prime factors of 299578.
2, 47, 3187
List the prime factors of 11879.
7, 1697
What are the prime factors of 165042?
2, 3, 53, 173
List the prime factors of 136006.
2, 13, 5231
What are the prime factors of 9245962?
2, 11, 420271
What are the prime factors of 18818180?
2, 5, 41, 53, 433
List the prime factors of 1222525.
5, 79, 619
List the prime factors of 603628.
2, 150907
What are the prime factors of 707878?
2, 353939
List the prime factors of 960073.
139, 6907
What are the prime factors of 739504?
2, 46219
What are the prime factors of 485929?
79, 6151
What are the prime factors of 177688?
2, 7, 19, 167
What are the prime factors of 407001?
3, 7, 19381
What are the prime factors of 67557?
3, 7, 3217
What are the prime factors of 1603928?
2, 23, 379
What are the prime factors of 510899?
23, 97, 229
List the prime factors of 806321.
197, 4093
What are the prime factors of 214352?
2, 13397
List the prime factors of 157914.
2, 3, 31, 283
What are the prime factors of 16189546?
2, 8094773
What are the prime factors of 109168?
2, 6823
List the prime 